(g) + 5*a(g). Determine t(3).
2
Let d(g) = g**3 + 5*g**2 + 2*g + 1. Let j be (-1)/(-4) + 68/(-16). Let o = 5 + -4. Let y = j - o. Calculate d(y).
-9
Let p(c) = 6*c**2 + c - 1. Let l(b) = -37*b**2 - 18*b + 2. Let f(s) = -l(s) - 6*p(s). What is f(-12)?
4
Suppose 3 + 3 = j. Let w be (-1)/(-3) - (-10)/j. Let s(v) = -v**w - 1 + 7*v**3 - 2*v**2 - 8*v**3 - 2*v. Calculate s(-3).
5
Let g(w) = 5*w - 11. Suppose -5*m = -5*o - 9*m + 21, o - 4*m = 9. Calculate g(o).
14
Let l(i) = -i**3 + i**2 + 1. Let f(o) = -6*o**2 + 5*o - 3. Let p(v) = f(v) - l(v). Suppose 3*d + 9 = -0. Let w be d - -5 - (-16)/(6 + -2). Calculate p(w).
-10
Suppose -5*u - 5*l + 355 = 0, -5*u + 324 = 2*l - 37. Let o = u - 81. Let q(d) = d**2 + 7*d. Determine q(o).
8
Let x(o) be the first derivative of o**2 - 11*o + 110. Calculate x(6).
1
Let n(o) be the second derivative of o**4/12 - 3*o**3/2 - 17*o**2/2 + 25*o. Let b(c) be the first derivative of n(c). What is b(7)?
5
Let i(g) be the second derivative of -g**4/12 - g**3/2 + 3*g**2/2 - g. Let a be (-4)/(2/(-6)*(-30)/(-5)). Let z be a + 40/(-18) - 238/63. Give i(z).
-1
Let p(f) = 3*f + 3. Let m(y) be the first derivative of -5*y**2/2 - 5*y - 1. Let h(c) = -4*m(c) - 7*p(c). Calculate h(6).
-7
Let i(j) = 5*j**2 + 5*j + 8. Let x(d) = -11*d**2 - 11*d - 17. Let m(k) = -9*i(k) - 4*x(k). Let o(z) = -z**3 + 1. Let y(g) = m(g) + o(g). Determine y(0).
-3
Let q(p) = -8*p**3 - p**2 - 8640*p + 8641*p + p**2. What is q(1)?
-7
Let t(k) = -k**3 - 2*k**2 + 3*k + 1. Let l be 3/2 - 7/(-14). Suppose -l*y + 2*q = -2, 4*y + 7 = q - 1. Give t(y).
1
Let m(a) = a**2 - 8*a - 13. Let w(x) = 3*x**2 - 3*x + 3. Let j be w(2). Give m(j).
-4
Let a(d) = -d**3 - 9*d**2 + 8*d - 11. Let g(z) = -2*z - 13. Let h be g(-6). Let p be 21 - 34 - 6/(2*h). What is a(p)?
9
Let z be 55/66*18/30. Let l(b) be the third derivative of -1/120*b**6 - 1/6*b**4 + 0 + z*b**3 + 1/10*b**5 - 2*b**2 + 0*b. Determine l(5).
8
Let o(c) be the third derivative of -c**8/6720 - c**7/630 - c**6/360 - c**5/60 - c**4/12 - c**2. Let h(n) be the second derivative of o(n). What is h(-3)?
-5
Let l be ((-100)/24)/25*-6. Let p(t) = 39*t**3 + t**2 - t. Give p(l).
39
Let r(m) = -14*m + 5. Let c(o) = 5*o - 2. Let q(i) = 11*c(i) + 4*r(i). Let u be (-2 - (1 + -5)) + -11. Give q(u).
7
Let u(v) = -3*v**2 + 9*v - 19. Let s(z) = -2*z**2 + 6*z - 12. Let j(y) = -8*s(y) + 5*u(y). Give j(5).
11
Let a = -22 + 20. Suppose -2*v + 6*v = -112. Let m be 7*a*4/v. Let t(j) = -2*j + 2. Give t(m).
-2
Let c(u) be the third derivative of 1/6*u**3 + 1/24*u**4 + 0*u + 0 - 12*u**2. Determine c(-7).
-6
Let b = -5 + 8. Let p(a) = -3*a**3 + 6*a**3 - 2*a**2 + b*a + a - 3*a. What is p(2)?
18
Let t(p) = -p**3 + 3*p**2 - 4*p + 3. Suppose r - 3*c = -44, -15 = -4*c - c. Suppose -w - 30 - 2 = 0. Let k = w - r. Determine t(k).
-9
Let t(m) = m**3 + 4*m**2 + m + 6. Let w be (-2)/7 - (-130)/(-35). Let h be t(w). Let r(p) = p - 58 + 56 - h*p. Give r(0).
-2
Let t = 605 + -602. Let g(n) = -n - 5. Give g(t).
-8
Let x(s) = 5*s + 6*s**3 - 2*s + 1 + 2*s**3 - 9*s**3. Determine x(-2).
3
Let u(k) = 75*k - 152*k + 76*k + 5 - 6. Determine u(-5).
4
Let r(m) be the third derivative of m**5/60 - m**4/24 - 4*m**3/3 - 67*m**2 - 4. Give r(7).
34
Let i(l) = 31*l**2 - 1. Suppose -1298 + 1308 = -10*w. What is i(w)?
30
Let o(y) = 2*y + 6. Let x be o(5). Let p = -109 + 100. Let r be x/(-12)*p/(-2). Let h(c) = -c + 2. Give h(r).
8
Let p(j) = j**3 + 4*j**2 - 6*j + 2. Suppose 2*w + w + o - 6 = 0, 3*w = -3*o + 6. Suppose 0 = -w*z - 7 - 3. What is p(z)?
7
Let t(y) = -y**2 - 7*y - 6. Let a be t(-5). Suppose 0*m - s = -a*m + 5, 4*m - 20 = -4*s. Let j(x) = -7 - x - m*x + 2. What is j(-4)?
7
Let h(z) = -z**3 + 3*z**2 + 2. Let c(k) = -k**2 + 8*k + 10. Let d be c(9). Suppose -d = 5*g + 4. Let u = 2 - g. Calculate h(u).
2
Let l(b) be the third derivative of -b**8/6720 - b**7/360 + b**6/720 + b**5/15 + b**4 + 7*b**2. Let p(f) be the second derivative of l(f). Determine p(-7).
1
Let g(j) = j**2 - 13*j - 32. Let s be g(15). Let i(v) = -5*v**3 - 2*v**2 + 2*v + 3. Determine i(s).
31
Let y(k) = -k**3 + 8*k**2 + 8*k - 1. Suppose 4 = -2*s - 4*u, s - u - u - 2 = 0. Suppose s = 4*l, 4*x - 36 = -l + 2*l. Give y(x).
-10
Let d(b) = b - 2. Let q be d(3). Suppose 4 + 9 = l + 5*s, 0 = -l + 3*s - 3. Let a(p) = p**l + 1081 - 1081 - 2*p**2 + p. Calculate a(q).
0
Let u be 3 + (-4 - (-12)/6). Let v(x) = -12*x + 3. Calculate v(u).
-9
Suppose 2*t + 5 = -3*x, 7 = -3*t - 5*x - 3. Let m(j) = 2 - t + 9 + 0 - 4*j. Give m(6).
-18
Suppose 8 = -181*a + 183*a. Let f(w) = -w**3 + 4*w**2 + w - 5. What is f(a)?
-1
Let z(i) = 19*i + 2 + 11*i - 9 - 31*i - 4. Calculate z(-4).
-7
Let f(d) be the first derivative of -d**4/2 - 8*d**3/3 + 5*d - 15. Let h be f(-4). Let b(c) = -2*c**2 + 5*c + 6. Calculate b(h).
-19
Let k(s) = 228*s + 3. Let y be k(0). Let x(m) = 7*m**2 - 4*m. Determine x(y).
51
Let k(u) be the second derivative of 15*u + 1/20*u**5 - 2*u**2 - 5/12*u**4 + 1/6*u**3 + 0. Give k(4).
-16
Let l(x) = -5*x - 26. Let y(g) = 3*g + 17. Let b(q) = -5*l(q) - 8*y(q). Let n = 4 - -1. Let k be b(n). Let a(j) = 8*j**2 - j - 1. What is a(k)?
8
Let u be 16/(-20)*(-60)/(-8). Let f(d) = -2*d**2 - 3*d + 14. What is f(u)?
-40
Suppose 4*j + 336 = 4*a, 3*a + j - 256 = 5*j. Suppose 3*f + 5*f - a = 0. Let h(u) = u**2 - 10*u - 8. Determine h(f).
-8
Let v(z) be the second derivative of z**3/6 - z**2 - 111*z. What is v(-6)?
-8
Let m(j) = -13*j**2 + 19*j + 1. Let f(s) = -2*s**2 + 2*s + 1. Let u(a) = -6*f(a) + m(a). Calculate u(7).
-5
Let l be (0 - -2)*(-55)/(-22). Let n(k) be the first derivative of -4*k**2 + 12*k - 2. Let t(f) = -7*f + 11. Let s(j) = -5*n(j) + 6*t(j). What is s(l)?
-4
Let t(w) = -4*w + 4. Let i(j) = 16*j - 12. Let f be i(1). Suppose -2*d + 8 = n, -4*d - f*n + 16 = -n. Determine t(d).
-12
Let p(x) = -x - 8 + 0*x + 16 - 7. Let z(r) = r - 2. Let y(l) = 6*p(l) + 5*z(l). What is y(-3)?
-1
Let d(k) be the second derivative of k**3/2 + 5*k**2 + 549*k. Determine d(-9).
-17
Let a(l) = -5*l**2 + 76*l + 3*l**2 - 23*l - 31*l - 28*l. Calculate a(-4).
-8
Let v(y) = 45 - 24 + 10*y**2 - 10*y + y**3 - 14. Give v(-11).
-4
Let s(m) = -m**2 + 5*m - 7. Suppose 3*u + 7 = -4*k, 2*u = -k - 0*k + 2. Calculate s(u).
-1
Let k(s) be the second derivative of 0 + 2/3*s**3 - 22*s - 1/12*s**4 + 3*s**2. What is k(5)?
1
Suppose d = -0*o + 4*o + 24, 0 = -4*o - 20. Suppose 2*x = -3*x. Let c(p) = -p - 3 + 1 + d + x. Give c(2).
0
Let l(t) = 3*t**2 - 2*t. Let i = 52 - 43. Let k(v) = -13*v**2 + 9*v. Let c = -7 - -9. Let h(s) = c*k(s) + i*l(s). Determine h(3).
9
Let w(h) = h + 5. Let n(g) = 2*g + 5. Let v(l) = 5*n(l) - 6*w(l). Let o(u) = 5*u - 5. Let s(p) = -5*o(p) + 6*v(p). Calculate s(-8).
3
Let c(f) = f**2 - 15*f + 2. Let d be -5*((3 - 12/3) + -2). Give c(d).
2
Suppose -7*q + 11 = -3. Let r(k) = 2*k**2 - k - k**3 + 6*k - 3 - 3*k + 0. What is r(q)?
1
Let l(y) = -24*y**2 - 17. Let d(h) = -24*h**2 - 14. Let j(n) = 6*d(n) - 5*l(n). Calculate j(1).
-23
Let u(l) be the third derivative of 0 - 23*l**2 - 1/3*l**4 + 0*l + 0*l**3. Determine u(-2).
16
Let g(l) = 11*l**3 + l**2 + 2*l + 1. Suppose 5*b + 44 = b. Let v be 4 + b/(55/30). Let j be v/4 - (-1)/(-2). Give g(j).
-11
Let z = -176 + 184. Let a(w) = 24 - 29 - 2*w + 17. Calculate a(z).
-4
Let h(j) = j**2 + 12*j + 5. Let o be 3*9*(-7 - (-60)/9). Give h(o).
-22
Let o(y) be the second derivative of y**4/12 - y**3/3 - 2*y**2 + y. Let m(x) = 21*x - 416. Let g be m(20). Calculate o(g).
4
Let d be (1/(-3))/(1/3). Let i(u) = -17*u**3 - 20*u - 18. Let k(m) = -8*m**3 - 9*m - 8. Let j(n) = -4*i(n) + 9*k(n). What is j(d)?
5
Let q(t) be the third derivative of t**6/360 + t**5/20 + 2*t**3/3 + 12*t**2. Let a(n) be the first derivative of q(n). What is a(-6)?
0
Let u(a) = a**2 + 2*a - 4. Let m be u(-3). Let g(h) be the third derivative of -h**5/4 - h**4/24 - h**3/6 + 2*h**2. Calculate g(m).
-15
Let q(g) = -2*g + 19 + 8*g - 9*g + 0*g. Give q(7).
-2
Let v be ((-15)/20)/((-3)/8). Let h be (4/(-8))/(v/(-8)). Let x(f) = -4*f. Determine x(h).
-8
Let v(j) = -j**3 + 7*j**2 + 2*j - 7. Let r be (6 + -8)/(2/9). Let t be (21/(-2))/(r/6). Calculate v(t).
7
Let f(v) be the third derivative of 0*v + 1/2*v**3 + 5/24*v**4 + 4*v**2 + 0. Let j = 102 + -105. Determine f(j).
-12
Suppose l = 2*l - 2. Let j = -1 - l. Let y(c) = 9*c**3 + 1 - 3*c + 3*c**2 - c*